{"id":262,"date":"2023-01-12T21:34:13","date_gmt":"2023-01-12T21:34:13","guid":{"rendered":"https:\/\/actionforforest.org\/?page_id=262"},"modified":"2023-01-12T21:35:27","modified_gmt":"2023-01-12T21:35:27","slug":"politicas-de-privacidad","status":"publish","type":"page","link":"https:\/\/actionforforest.org\/index.php\/politicas-de-privacidad\/","title":{"rendered":"Pol\u00edticas de privacidad"},"content":{"rendered":"\t\t<div data-elementor-type=\"wp-page\" data-elementor-id=\"262\" class=\"elementor elementor-262\">\n\t\t\t\t\t\t<section class=\"elementor-section elementor-top-section elementor-element elementor-element-ebff842 elementor-section-boxed elementor-section-height-default elementor-section-height-default\" data-id=\"ebff842\" data-element_type=\"section\">\n\t\t\t\t\t\t<div class=\"elementor-container elementor-column-gap-default\">\n\t\t\t\t\t<div class=\"elementor-column elementor-col-100 elementor-top-column elementor-element elementor-element-3b22bc1\" data-id=\"3b22bc1\" data-element_type=\"column\">\n\t\t\t<div class=\"elementor-widget-wrap elementor-element-populated\">\n\t\t\t\t\t\t<div class=\"elementor-element elementor-element-3050ae6 elementor-widget elementor-widget-text-editor\" data-id=\"3050ae6\" data-element_type=\"widget\" data-widget_type=\"text-editor.default\">\n\t\t\t\t<div class=\"elementor-widget-container\">\n\t\t\t<style>\/*! elementor - v3.19.0 - 29-01-2024 *\/\n.elementor-widget-text-editor.elementor-drop-cap-view-stacked .elementor-drop-cap{background-color:#69727d;color:#fff}.elementor-widget-text-editor.elementor-drop-cap-view-framed .elementor-drop-cap{color:#69727d;border:3px solid;background-color:transparent}.elementor-widget-text-editor:not(.elementor-drop-cap-view-default) .elementor-drop-cap{margin-top:8px}.elementor-widget-text-editor:not(.elementor-drop-cap-view-default) .elementor-drop-cap-letter{width:1em;height:1em}.elementor-widget-text-editor .elementor-drop-cap{float:left;text-align:center;line-height:1;font-size:50px}.elementor-widget-text-editor .elementor-drop-cap-letter{display:inline-block}<\/style>\t\t\t\t<div style=\"position: absolute; height: 100%; width: 100%; opacity: 0; z-index: 1001;\">\u00a0<\/div><div class=\"container\"><div class=\"section-container pricing-cards-container\" style=\"background-color: #fff;\"><div style=\"padding: 150px 0 100px 0!important; max-width: 900px; margin: 30px auto;\"><div class=\"responsive-margin\"><div class=\"col-12 col-md-8\" style=\"text-align: center!important; margin: 0 auto!important;\"><h1 class=\"display-2 mb-3\" style=\"color: #3f4554;\">Privacy Policy<\/h1><p class=\"mb-0\" style=\"color: #3f4554;\">Actualizado el 2023-01-10<\/p><\/div><p><br \/><br \/><br \/><\/p><p class=\"text-muted\">Action for forest (\u00abnosotros\u00bb, \u00abnuestro\u00bb o \u00abnos\u00bb) se compromete a proteger su privacidad. Esta Pol\u00edtica de privacidad explica c\u00f3mo Action for forest recopila, usa y divulga su informaci\u00f3n personal.<\/p><p class=\"text-muted\">Esta Pol\u00edtica de privacidad se aplica a nuestro sitio web, actionforforest.org y sus subdominios asociados (colectivamente, nuestro \u00abServicio\u00bb) junto con nuestra aplicaci\u00f3n, Action for forest. Al acceder o utilizar nuestro Servicio, usted indica que ha le\u00eddo, comprendido y aceptado nuestra recopilaci\u00f3n, almacenamiento, uso y divulgaci\u00f3n de su informaci\u00f3n personal como se describe en esta Pol\u00edtica de privacidad y en nuestros T\u00e9rminos de servicio.<\/p><p>\u00a0<\/p><h1 class=\"text-muted\" style=\"color: #474c52 !important;\">Definiciones y T\u00e9rminos clave<\/h1><p class=\"text-muted\">Para ayudar a explicar las cosas de la manera m\u00e1s clara posible en esta Pol\u00edtica de privacidad, cada vez que se hace referencia a cualquiera de estos t\u00e9rminos, se definen estrictamente como:<\/p><ul class=\"text-muted\"><li>Cookie: peque\u00f1a cantidad de datos generados por un sitio web y guardados por su navegador web. Se utiliza para identificar su navegador, proporcionar an\u00e1lisis, recordar informaci\u00f3n sobre usted, como su preferencia de idioma o informaci\u00f3n de inicio de sesi\u00f3n.<\/li><li>Compa\u00f1\u00eda: cuando esta pol\u00edtica menciona \u00abCompa\u00f1\u00eda\u00bb, \u00abnosotros\u00bb, \u00abnos\u00bb o \u00abnuestro\u00bb, se refiere a Action for forest, Cra. 8A # 108 A 22 que es responsable de su informaci\u00f3n en virtud de esta Pol\u00edtica de privacidad.<\/li><li>Plataforma: sitio web de Internet, aplicaci\u00f3n web o aplicaci\u00f3n digital de cara al p\u00fablico de Action for forest.<\/li><li>Pa\u00eds: donde se encuentran Action for forest o los propietarios \/ fundadores de Action for forest, en este caso es Colombia<\/li><li>Cliente: se refiere a la empresa, organizaci\u00f3n o persona que se registra para utilizar el Servicio Action for forest para gestionar las relaciones con sus consumidores o usuarios del servicio.<\/li><li>Dispositivo: cualquier dispositivo conectado a Internet, como un tel\u00e9fono, tablet, computadora o cualquier otro dispositivo que se pueda usar para visitar Action for forest y usar los servicios.<\/li><li>Direcci\u00f3n IP: a cada dispositivo conectado a Internet se le asigna un n\u00famero conocido como direcci\u00f3n de protocolo de Internet (IP). Estos n\u00fameros generalmente se asignan en bloques geogr\u00e1ficos. A menudo, se puede utilizar una direcci\u00f3n IP para identificar la ubicaci\u00f3n desde la que un dispositivo se conecta a Internet.<\/li><li>Personal: se refiere a aquellas personas que son empleadas por Action for forest o est\u00e1n bajo contrato para realizar un servicio en nombre de una de las partes.<\/li><li>Datos personales: cualquier informaci\u00f3n que directa, indirectamente o en conexi\u00f3n con otra informaci\u00f3n, incluido un n\u00famero de identificaci\u00f3n personal, permita la identificaci\u00f3n de una persona f\u00edsica.<\/li><li>Servicio: se refiere al servicio brindado por Action for forest como se describe en los t\u00e9rminos relativos (si est\u00e1n disponibles) y en esta plataforma.<\/li><li>Terceros: se refiere a anunciantes, patrocinadores de concursos, socios promocionales y de marketing, y otros que brindan nuestro contenido o cuyos productos o servicios que creemos que pueden interesarle.<\/li><li>Sitio web: el sitio de Action for forest, al que se puede acceder a trav\u00e9s de esta URL: actionforforest.org<\/li><li>Usted: una persona o entidad que est\u00e1 registrada con Action for forest para utilizar los Servicios.<\/li><\/ul><p>\u00a0<\/p><h1 class=\"text-muted\" style=\"color: #474c52 !important;\">Informaci\u00f3n recopilada autom\u00e1ticamente<\/h1><p class=\"text-muted\">Existe cierta informaci\u00f3n como su direcci\u00f3n de Protocolo de Internet (IP) y \/ o las caracter\u00edsticas del navegador y del dispositivo, que se recopila autom\u00e1ticamente cuando visita nuestra plataforma. Esta informaci\u00f3n se puede utilizar para conectar su computadora a Internet. Otra informaci\u00f3n recopilada autom\u00e1ticamente podr\u00eda ser un inicio de sesi\u00f3n, direcci\u00f3n de correo electr\u00f3nico, contrase\u00f1a, informaci\u00f3n de la computadora y la conexi\u00f3n, como los tipos y versiones de complementos del navegador y la configuraci\u00f3n de la zona horaria, los sistemas operativos y las plataformas, el historial de compras (a veces agregamos informaci\u00f3n similar de otros usuarios), el flujo de clics completo del Localizador uniforme de recursos (URL) hacia, a trav\u00e9s y desde nuestro sitio web que puede incluir la fecha y la hora; n\u00famero de cookie; partes del sitio que vio o busc\u00f3; y el n\u00famero de tel\u00e9fono que utiliz\u00f3 para llamar a nuestro Servicio de atenci\u00f3n al cliente. Tambi\u00e9n podemos utilizar datos del navegador como cookies, cookies Flash (tambi\u00e9n conocidas como objetos compartidos locales Flash) o datos similares en ciertas partes de nuestro sitio web para la prevenci\u00f3n del fraude y otros fines. Durante sus visitas, podemos utilizar herramientas de software como JavaScript para medir y recopilar informaci\u00f3n de la sesi\u00f3n, incluidos los tiempos de respuesta de la p\u00e1gina, los errores de descarga, la duraci\u00f3n de las visitas a determinadas p\u00e1ginas, la informaci\u00f3n de interacci\u00f3n de la p\u00e1gina (como el desplazamiento, los clics y el desplazamiento del mouse) y m\u00e9todos utilizados para navegar fuera de la p\u00e1gina. Tambi\u00e9n podemos recopilar informaci\u00f3n t\u00e9cnica para ayudarnos a identificar su dispositivo con fines de prevenci\u00f3n y diagn\u00f3stico de fraude.<\/p><p class=\"text-muted\">Recopilamos autom\u00e1ticamente cierta informaci\u00f3n cuando visita, usa o navega por la plataforma. Esta informaci\u00f3n no revela su identidad espec\u00edfica (como su nombre o informaci\u00f3n de contacto), pero puede incluir informaci\u00f3n de uso y dispositivo, como su direcci\u00f3n IP, navegador y caracter\u00edsticas del dispositivo, sistema operativo, preferencias de idioma, URL de referencia, nombre del dispositivo, pa\u00eds, ubicaci\u00f3n. , informaci\u00f3n sobre qui\u00e9n y cu\u00e1ndo utiliza nuestra informaci\u00f3n y otra informaci\u00f3n t\u00e9cnica. Esta informaci\u00f3n es principalmente necesaria para mantener la seguridad y el funcionamiento de nuestra plataforma, y para nuestros fines de an\u00e1lisis e informes internos.<\/p><p>\u00a0<\/p><h1 class=\"text-muted\" style=\"color: #474c52 !important;\">Personal<\/h1><p class=\"text-muted\">Si es un trabajador o solicitante de Action for forest, recopilamos la informaci\u00f3n que nos proporciona voluntariamente. Usamos la informaci\u00f3n recopilada con fines de recursos humanos para administrar los beneficios a los trabajadores y seleccionar a los solicitantes.<\/p><p class=\"text-muted\">Puede comunicarse con nosotros para (1) actualizar o corregir su informaci\u00f3n, (2) cambiar sus preferencias con respecto a las comunicaciones y otra informaci\u00f3n que reciba de nosotros, o (3) recibir un registro de la informaci\u00f3n que tenemos relacionada con usted. Dichas actualizaciones, correcciones, cambios y eliminaciones no tendr\u00e1n ning\u00fan efecto sobre otra informaci\u00f3n que mantenemos o informaci\u00f3n que hayamos proporcionado a terceros de acuerdo con esta Pol\u00edtica de privacidad antes de dicha actualizaci\u00f3n, correcci\u00f3n, cambio o eliminaci\u00f3n.<\/p><p>\u00a0<\/p><h1 class=\"text-muted\" style=\"color: #474c52 !important;\">Venta de Negocio<\/h1><p class=\"text-muted\">Nos reservamos el derecho de transferir informaci\u00f3n a un tercero en el caso de una venta, fusi\u00f3n u otra transferencia de todos o sustancialmente todos los activos de Action for forest o cualquiera de sus afiliadas corporativas (como se define en este documento), o la porci\u00f3n de Action for forest o cualquiera de sus Afiliadas corporativas con las que se relaciona el Servicio, o en el caso de que discontinuemos nuestro negocio o presentemos una petici\u00f3n o hayamos presentado una petici\u00f3n contra nosotros en caso de quiebra, reorganizaci\u00f3n o procedimiento similar, siempre que el el tercero acepte adherirse a los t\u00e9rminos de esta Pol\u00edtica de privacidad.<\/p><p>\u00a0<\/p><h1 class=\"text-muted\" style=\"color: #474c52 !important;\">Afiliados<\/h1><p class=\"text-muted\">Podemos divulgar informaci\u00f3n (incluida la informaci\u00f3n personal) sobre usted a nuestros afiliados corporativos. Para los prop\u00f3sitos de esta Pol\u00edtica de Privacidad, \u00abAfiliado Corporativo\u00bb significa cualquier persona o entidad que directa o indirectamente controla, est\u00e1 controlada por o est\u00e1 bajo control com\u00fan con Action for forest, ya sea por propiedad o de otra manera. Cualquier informaci\u00f3n relacionada con usted que proporcionemos a nuestros afiliados corporativos ser\u00e1 tratada por dichos afiliados corporativos de acuerdo con los t\u00e9rminos de esta pol\u00edtica de privacidad.<\/p><p>\u00a0<\/p><h1 class=\"text-muted\" style=\"color: #474c52 !important;\">Ley que Rige<\/h1><p class=\"text-muted\">Esta Pol\u00edtica de privacidad se rige por las leyes de {{pa\u00eds}} sin tener en cuenta su disposici\u00f3n sobre conflicto de leyes. Usted acepta la jurisdicci\u00f3n exclusiva de los tribunales en relaci\u00f3n con cualquier acci\u00f3n o disputa que surja entre las partes en virtud de esta Pol\u00edtica de privacidad o en relaci\u00f3n con ella, excepto aquellas personas que puedan tener derecho a presentar reclamaciones en virtud del Escudo de privacidad o el marco suizo-estadounidense.<\/p><p class=\"text-muted\">Las leyes de {{pa\u00eds}}, excluyendo sus conflictos de leyes, regir\u00e1n este Acuerdo y su uso de la plataforma. Su uso de la plataforma tambi\u00e9n puede estar sujeto a otras leyes locales, estatales, nacionales o internacionales.<\/p><p class=\"text-muted\">Al usar Action for forest o comunicarse con nosotros directamente, significa que acepta esta Pol\u00edtica de privacidad. Si no est\u00e1 de acuerdo con esta Pol\u00edtica de privacidad, no debe interactuar con nuestro sitio web ni utilizar nuestros servicios. El uso continuo del sitio web, la interacci\u00f3n directa con nosotros o despu\u00e9s de la publicaci\u00f3n de cambios en esta Pol\u00edtica de privacidad que no afecten significativamente el uso o divulgaci\u00f3n de su informaci\u00f3n personal significar\u00e1 que acepta esos cambios.<\/p><p>\u00a0<\/p><h1 class=\"text-muted\" style=\"color: #474c52 !important;\">Tu consentimiento<\/h1><p class=\"text-muted\">Hemos actualizado nuestra Pol\u00edtica de privacidad para brindarle total transparencia sobre lo que se establece cuando visita nuestro sitio y c\u00f3mo se utiliza. Al utilizar nuestra plataforma, registrar una cuenta o realizar una compra, por la presente acepta nuestra Pol\u00edtica de privacidad y acepta sus t\u00e9rminos.<\/p><p>\u00a0<\/p><h1 class=\"text-muted\" style=\"color: #474c52 !important;\">Enlaces a otros Sitios Web<\/h1><p class=\"text-muted\">Esta Pol\u00edtica de privacidad se aplica solo a los Servicios. Los Servicios pueden contener enlaces a otros sitios web que Action for forest no opera ni controla. No somos responsables por el contenido, la precisi\u00f3n o las opiniones expresadas en dichos sitios web, y dichos sitios web no son investigados, monitoreados o verificados por nuestra precisi\u00f3n o integridad. Recuerde que cuando utiliza un enlace para ir desde los Servicios a otro sitio web, nuestra Pol\u00edtica de privacidad deja de estar en vigor. Su navegaci\u00f3n e interacci\u00f3n en cualquier otro sitio web, incluidos aquellos que tienen un enlace en nuestra plataforma, est\u00e1n sujetos a las propias reglas y pol\u00edticas de ese sitio web. Dichos terceros pueden utilizar sus propias cookies u otros m\u00e9todos para recopilar informaci\u00f3n sobre usted.<\/p><p>\u00a0<\/p><h1 class=\"text-muted\" style=\"color: #474c52 !important;\">Cookies<\/h1><p class=\"text-muted\">Action for forest utiliza \u00abcookies\u00bb para identificar las \u00e1reas de nuestro sitio web que ha visitado. Una cookie es una peque\u00f1a porci\u00f3n de datos que su navegador web almacena en su computadora o dispositivo m\u00f3vil. Usamos cookies para mejorar el rendimiento y la funcionalidad de nuestra plataforma, pero no son esenciales para su uso. Sin embargo, sin estas cookies, es posible que ciertas funciones, como los videos, no est\u00e9n disponibles o se le solicitar\u00e1 que ingrese sus datos de inicio de sesi\u00f3n cada vez que visite la plataforma, ya que no podr\u00edamos recordar que hab\u00eda iniciado sesi\u00f3n anteriormente. La mayor\u00eda de los navegadores web se pueden configurar para desactivar el uso de cookies. Sin embargo, si desactiva las cookies, es posible que no pueda acceder a la funcionalidad de nuestro sitio web correctamente o en absoluto. Nunca colocamos informaci\u00f3n de identificaci\u00f3n personal en cookies.<\/p><p>\u00a0<\/p><h1 class=\"text-muted\" style=\"color: #474c52 !important;\">Bloquear y deshabilitar Cookies y tecnolog\u00edas similares<\/h1><p class=\"text-muted\">Donde sea que se encuentre, tambi\u00e9n puede configurar su navegador para bloquear cookies y tecnolog\u00edas similares, pero esta acci\u00f3n puede bloquear nuestras cookies esenciales e impedir que nuestro sitio web funcione correctamente, y es posible que no pueda utilizar todas sus funciones y servicios por completo. Tambi\u00e9n debe tener en cuenta que tambi\u00e9n puede perder informaci\u00f3n guardada (por ejemplo, detalles de inicio de sesi\u00f3n guardados, preferencias del sitio) si bloquea las cookies en su navegador. Los distintos navegadores ponen a su disposici\u00f3n distintos controles. Deshabilitar una cookie o una categor\u00eda de cookie no elimina la cookie de su navegador, deber\u00e1 hacerlo usted mismo desde su navegador, debe visitar el men\u00fa de ayuda de su navegador para obtener m\u00e1s informaci\u00f3n.<\/p><p>\u00a0<\/p><h1 class=\"text-muted\" style=\"color: #474c52 !important;\">Privacidad de los Ni\u00f1os<\/h1><p class=\"text-muted\">No nos dirigimos a ninguna persona menor de 13 a\u00f1os. No recopilamos informaci\u00f3n de identificaci\u00f3n personal de ninguna persona menor de 13 a\u00f1os. Si usted es padre o tutor y sabe que su hijo nos ha proporcionado Datos personales, comun\u00edquese con Nos. Si nos damos cuenta de que hemos recopilado datos personales de cualquier persona menor de 13 a\u00f1os sin la verificaci\u00f3n del consentimiento de los padres, tomamos medidas para eliminar esa informaci\u00f3n de nuestros servidores.<\/p><p>\u00a0<\/p><h1 class=\"text-muted\" style=\"color: #474c52 !important;\">Cambios en nuestra Pol\u00edtica de Privacidad<\/h1><p class=\"text-muted\">Podemos cambiar nuestro Servicio y nuestras pol\u00edticas, y es posible que debamos realizar cambios en esta Pol\u00edtica de privacidad para que reflejen con precisi\u00f3n nuestro Servicio y nuestras pol\u00edticas. A menos que la ley exija lo contrario, le notificaremos (por ejemplo, a trav\u00e9s de nuestro Servicio) antes de realizar cambios en esta Pol\u00edtica de privacidad y le daremos la oportunidad de revisarlos antes de que entren en vigencia. Luego, si contin\u00faa utilizando el Servicio, estar\u00e1 sujeto a la Pol\u00edtica de privacidad actualizada. Si no desea aceptar esta o cualquier Pol\u00edtica de privacidad actualizada, puede eliminar su cuenta.<\/p><p>\u00a0<\/p><h1 class=\"text-muted\" style=\"color: #474c52 !important;\">Servicios de terceros<\/h1><p class=\"text-muted\">Podemos mostrar, incluir o poner a disposici\u00f3n contenido de terceros (incluidos datos, informaci\u00f3n, aplicaciones y otros servicios de productos) o proporcionar enlaces a sitios web o servicios de terceros (\u00abServicios de terceros\u00bb).<\/p><p class=\"text-muted\">Usted reconoce y acepta que Action for forest no ser\u00e1 responsable de ning\u00fan Servicio de terceros, incluida su precisi\u00f3n, integridad, puntualidad, validez, cumplimiento de los derechos de autor, legalidad, decencia, calidad o cualquier otro aspecto de los mismos. Action for forest no asume ni tendr\u00e1 ninguna obligaci\u00f3n o responsabilidad ante usted o cualquier otra persona o entidad por los Servicios de terceros.<\/p><p class=\"text-muted\">Los Servicios de terceros y los enlaces a los mismos se brindan \u00fanicamente para su conveniencia y usted accede a ellos y los usa completamente bajo su propio riesgo y sujeto a los t\u00e9rminos y condiciones de dichos terceros.<\/p><p>\u00a0<\/p><p>\u00a0<\/p><h1 class=\"text-muted\" style=\"color: #474c52 !important;\">Residentes de California<\/h1><p class=\"text-muted\">La Ley de Privacidad del Consumidor de California (CCPA) requiere que divulguemos las categor\u00edas de Informaci\u00f3n personal que recopilamos y c\u00f3mo la usamos, las categor\u00edas de fuentes de las que recopilamos Informaci\u00f3n personal y los terceros con quienes la compartimos, que hemos explicado anteriormente.<\/p><p class=\"text-muted\">Tambi\u00e9n estamos obligados a comunicar informaci\u00f3n sobre los derechos que tienen los residentes de California seg\u00fan la ley de California. Puede ejercer los siguientes derechos:<\/p><ul class=\"text-muted\"><li>Derecho a conocer y acceder. Puede enviar una solicitud verificable de informaci\u00f3n con respecto a: (1) categor\u00edas de Informaci\u00f3n personal que recopilamos, usamos o compartimos; (2) fines para los que recopilamos o utilizamos categor\u00edas de informaci\u00f3n personal; (3) categor\u00edas de fuentes de las que recopilamos informaci\u00f3n personal; y (4) piezas espec\u00edficas de informaci\u00f3n personal que hemos recopilado sobre usted.<\/li><li>Derecho a la igualdad de servicio. No lo discriminaremos si ejerce sus derechos de privacidad.<\/li><li>Derecho a eliminar. Puede enviar una solicitud verificable para cerrar su cuenta y eliminaremos la Informaci\u00f3n personal sobre usted que hayamos recopilado.<\/li><li>Solicite que una empresa que vende los datos personales de un consumidor, no venda los datos personales del consumidor.<\/li><\/ul><p class=\"text-muted\">Si realiza una solicitud, tenemos un mes para responderle. Si desea ejercer alguno de estos derechos, comun\u00edquese con nosotros.<\/p><p class=\"text-muted\">No vendemos la informaci\u00f3n personal de nuestros usuarios.<\/p><p class=\"text-muted\">Para obtener m\u00e1s informaci\u00f3n sobre estos derechos, comun\u00edquese con nosotros.<\/p><p>\u00a0<\/p><h1 class=\"text-muted\" style=\"color: #474c52 !important;\">Cont\u00e1ctenos<\/h1><p class=\"text-muted\">No dude en contactarnos si tiene alguna pregunta.<\/p><ul class=\"text-muted\"><li>A trav\u00e9s de correo electr\u00f3nico:<\/li><\/ul><\/div><\/div><\/div><\/div>\t\t\t\t\t\t<\/div>\n\t\t\t\t<\/div>\n\t\t\t\t\t<\/div>\n\t\t<\/div>\n\t\t\t\t\t<\/div>\n\t\t<\/section>\n\t\t\t\t<\/div>\n\t\t","protected":false},"excerpt":{"rendered":"<p>\u00a0 Privacy Policy Actualizado el 2023-01-10 Action for forest (\u00abnosotros\u00bb, \u00abnuestro\u00bb o \u00abnos\u00bb) se compromete a proteger su privacidad. Esta Pol\u00edtica de privacidad explica c\u00f3mo Action for forest recopila, usa y divulga su informaci\u00f3n personal. Esta Pol\u00edtica de privacidad se aplica a nuestro sitio web, actionforforest.org y sus subdominios asociados (colectivamente, nuestro \u00abServicio\u00bb) junto con&hellip; <a class=\"more-link\" href=\"https:\/\/actionforforest.org\/index.php\/politicas-de-privacidad\/\">Seguir leyendo <span class=\"screen-reader-text\">Pol\u00edticas de privacidad<\/span><\/a><\/p>\n","protected":false},"author":1,"featured_media":0,"parent":0,"menu_order":0,"comment_status":"closed","ping_status":"closed","template":"elementor_header_footer","meta":{"footnotes":""},"class_list":["post-262","page","type-page","status-publish","hentry","entry"],"_links":{"self":[{"href":"https:\/\/actionforforest.org\/index.php\/wp-json\/wp\/v2\/pages\/262","targetHints":{"allow":["GET"]}}],"collection":[{"href":"https:\/\/actionforforest.org\/index.php\/wp-json\/wp\/v2\/pages"}],"about":[{"href":"https:\/\/actionforforest.org\/index.php\/wp-json\/wp\/v2\/types\/page"}],"author":[{"embeddable":true,"href":"https:\/\/actionforforest.org\/index.php\/wp-json\/wp\/v2\/users\/1"}],"replies":[{"embeddable":true,"href":"https:\/\/actionforforest.org\/index.php\/wp-json\/wp\/v2\/comments?post=262"}],"version-history":[{"count":4,"href":"https:\/\/actionforforest.org\/index.php\/wp-json\/wp\/v2\/pages\/262\/revisions"}],"predecessor-version":[{"id":266,"href":"https:\/\/actionforforest.org\/index.php\/wp-json\/wp\/v2\/pages\/262\/revisions\/266"}],"wp:attachment":[{"href":"https:\/\/actionforforest.org\/index.php\/wp-json\/wp\/v2\/media?parent=262"}],"curies":[{"name":"wp","href":"https:\/\/api.w.org\/{rel}","templated":true}]}}